{"id":1042,"date":"2020-06-25T17:52:05","date_gmt":"2020-06-25T15:52:05","guid":{"rendered":"https:\/\/gewerbeoberesfricktal.ch\/?page_id=1042"},"modified":"2020-09-08T15:33:56","modified_gmt":"2020-09-08T13:33:56","slug":"anmeldung-bohrstellenbesichtigung-nagra-boezberg","status":"publish","type":"page","link":"https:\/\/gewerbeoberesfricktal.ch\/index.php\/kontakt\/anmeldung-bohrstellenbesichtigung-nagra-boezberg\/","title":{"rendered":"Anmeldung Bohrstellenbesichtigung nagra B\u00f6zberg"},"content":{"rendered":"\n<p>Machen Sie sich selbst ein Bild von der Tiefbohrung &#8211; Besichtigung des Bohrplatzes auf dem B\u00f6zberg (Vier Linden).<\/p>\n\n\n\n<p>Am <strong>16.+24.+30. September (ausgebucht);  Donnerstag 1. Oktober (ausgebucht) 2020, und <\/strong><br><strong>Mittwoch 7. Oktober 2020 (freie Pl\u00e4tze), Beginn 16.00 Uhr <\/strong>(- 18h)<br><br>Fachleute informieren im <strong>Infopavillon<\/strong> mit einer <strong>kleinen Ausstellung<\/strong> und einem <strong>Vortrag<\/strong> mit <strong>Erkl\u00e4rungen<\/strong> auf der <strong>Aussichtsplattform<\/strong>. <br>>>> <a aria-label=\"undefined (opens in a new tab)\" href=\"https:\/\/gewerbeoberesfricktal.ch\/index.php\/2020\/06\/25\/bohrstellenbesichtigung-tiefbohrung-boezberg-der-nagra\/\" target=\"_blank\" rel=\"noreferrer noopener\">zur Beschreibung Blogartikel<\/a><\/p>\n\n\n\n<p><strong>Besammlung 5-10 Min vor Beginn vor dem Eingang des Infopavillon.<\/strong><br>Die F\u00fchrung ist kostenlos.<\/p>\n\n\n\n<p><strong>Ort:<\/strong> Bohrplatz Tiefbohrstelle B\u00f6zberg-1, Vier Linden \/ B\u00f6zberg<\/p>\n\n\n\n<p>Mehr Info zur Bohrstelle und den Tiefbohrungen: <a href=\"https:\/\/www.nagra.ch\" target=\"_blank\" aria-label=\"undefined (opens in a new tab)\" rel=\"noreferrer noopener\">https:\/\/www.nagra.ch<\/a><\/p>\n\n\n\n<div id=\"vfb-form-11\" class=\"visual-form-builder-container\"><form id=\"anmeldung-bohrstellenbesichtigung-nagra-boezberg-11\" class=\"visual-form-builder vfb-form-11 \" method=\"post\" enctype=\"multipart\/form-data\">\r\n\t  \t<input type=\"hidden\" name=\"form_id\" value=\"11\" \/><fieldset class=\"vfb-fieldset vfb-fieldset-1 anmeldung-bohrstellenbesichtigung-nagra-boezberg \" id=\"item-vfb-167\"><div class=\"vfb-legend\"><h3>Anmeldung Bohrstellenbesichtigung nagra B\u00f6zberg<\/h3><\/div><ul class=\"vfb-section vfb-section-1\"><li class=\"vfb-item vfb-item-instructions  \" id=\"item-vfb-180\"><label class=\"vfb-desc\">Verbindliche Anmeldung zur Teilnahme <\/label>Mittwoch, 7. Oktober 2020, Beginn 16.00, bis ca. 18h\r\nB\u00f6zberg, bei Vier Linden \r\nTeilnahme kostenfrei. Mehr Info Bohrstelle bei www.nagra.ch\r\n\r\nVeranstaltet zusammen mit:\r\nGemeinden B\u00f6zen, Effingen, Elfingen, Hornussen<\/li><li class=\"vfb-item vfb-item-text  \" id=\"item-vfb-172\"><label for=\"vfb-172\" class=\"vfb-desc\">Vorname  <span class=\"vfb-required-asterisk\">*<\/span><\/label><input type=\"text\" name=\"vfb-172\" id=\"vfb-172\" value=\"\" class=\"vfb-text  vfb-medium  required  \" \/><\/li><li class=\"vfb-item vfb-item-text  \" id=\"item-vfb-173\"><label for=\"vfb-173\" class=\"vfb-desc\">Name  <span class=\"vfb-required-asterisk\">*<\/span><\/label><input type=\"text\" name=\"vfb-173\" id=\"vfb-173\" value=\"\" class=\"vfb-text  vfb-medium  required  \" \/><\/li><li class=\"vfb-item vfb-item-text  \" id=\"item-vfb-177\"><label for=\"vfb-177\" class=\"vfb-desc\">Postleitzahl \/ Ort  <span class=\"vfb-required-asterisk\">*<\/span><\/label><input type=\"text\" name=\"vfb-177\" id=\"vfb-177\" value=\"\" class=\"vfb-text  vfb-medium  required  \" \/><\/li><li class=\"vfb-item vfb-item-email  \" id=\"item-vfb-174\"><label for=\"vfb-174\" class=\"vfb-desc\">Meine Email  <span class=\"vfb-required-asterisk\">*<\/span><\/label><input type=\"email\" name=\"vfb-174\" id=\"vfb-174\" value=\"\" class=\"vfb-text  vfb-medium  required  email \" \/><\/li><li class=\"vfb-item vfb-item-phone  \" id=\"item-vfb-175\"><label for=\"vfb-175\" class=\"vfb-desc\">Telefon  <span class=\"vfb-required-asterisk\">*<\/span><\/label><span class=\"vfb-span\"><input type=\"tel\" name=\"vfb-175\" id=\"vfb-175\" value=\"\" class=\"vfb-text  vfb-medium  required  phone \" \/><label>z.B. +41799998877<\/label><\/span><\/li><li class=\"vfb-item vfb-item-select  \" id=\"item-vfb-171\"><label for=\"vfb-171\" class=\"vfb-desc\">Anzahl Teilnehmende  <span class=\"vfb-required-asterisk\">*<\/span><\/label><span class=\"vfb-span\"><label>Nehmen Sie alleine oder mit Begleitung teil?<\/label><\/span><select name=\"vfb-171\" id=\"vfb-171\" class=\"vfb-select  vfb-medium  required \"><option value=\"keine Begleitpersonen\">keine Begleitpersonen<\/option><option value=\"1 Begleitperson\">1 Begleitperson<\/option><option value=\"2 Begleitpersonen\">2 Begleitpersonen<\/option><\/select><\/li><li class=\"vfb-item vfb-item-textarea  \" id=\"item-vfb-181\"><label for=\"vfb-181\" class=\"vfb-desc\">Name der Begleitpersonen  <span class=\"vfb-required-asterisk\">*<\/span><\/label><div><span class=\"vfb-span\"><label>Falls Sie nicht alleine teilnehmen.<\/label><\/span><textarea name=\"vfb-181\" id=\"vfb-181\" class=\"vfb-textarea  vfb-small  required \"><\/textarea><\/div><\/li><li class=\"vfb-item vfb-item-checkbox  \" id=\"item-vfb-187\"><label class=\"vfb-desc\">Datum der Besichtigung  <span class=\"vfb-required-asterisk\">*<\/span><\/label><div><span><label>W\u00e4hlen Sie das f\u00fcr Sie passende Datum aus.<\/label><\/span><span class=\"vfb-span\"><input type=\"checkbox\" name=\"vfb-187[]\" id=\"vfb-187-0\" value=\"Mittwoch 16. September ist AUSGEBUCHT\" class=\"vfb-checkbox  required \" \/><label for=\"vfb-187-0\" class=\"vfb-choice\">Mittwoch 16. September ist AUSGEBUCHT<\/label><\/span><span class=\"vfb-span\"><input type=\"checkbox\" name=\"vfb-187[]\" id=\"vfb-187-1\" value=\"Donnerstag, 24. September ist AUSGEBUCHT\" class=\"vfb-checkbox  required \" \/><label for=\"vfb-187-1\" class=\"vfb-choice\">Donnerstag, 24. September ist AUSGEBUCHT<\/label><\/span><span class=\"vfb-span\"><input type=\"checkbox\" name=\"vfb-187[]\" id=\"vfb-187-2\" value=\"Mittwoch, 30. September ist AUSGEBUCHT\" class=\"vfb-checkbox  required \" \/><label for=\"vfb-187-2\" class=\"vfb-choice\">Mittwoch, 30. September ist AUSGEBUCHT<\/label><\/span><span class=\"vfb-span\"><input type=\"checkbox\" name=\"vfb-187[]\" id=\"vfb-187-3\" value=\"Donnerstag, 1. Oktober ist AUSGEBUCHT\" class=\"vfb-checkbox  required \" \/><label for=\"vfb-187-3\" class=\"vfb-choice\">Donnerstag, 1. Oktober ist AUSGEBUCHT<\/label><\/span><span class=\"vfb-span\"><input type=\"checkbox\" name=\"vfb-187[]\" id=\"vfb-187-4\" value=\"Mittwoch, 7. Oktober 2020, 16.00h (frei)\" class=\"vfb-checkbox  required \" checked='checked' \/><label for=\"vfb-187-4\" class=\"vfb-choice\">Mittwoch, 7. Oktober 2020, 16.00h (frei)<\/label><\/span><span class=\"vfb-span\"><input type=\"checkbox\" name=\"vfb-187[]\" id=\"vfb-187-5\" value=\"Ich habe Interesse an weiteren Daten.\" class=\"vfb-checkbox  required \" \/><label for=\"vfb-187-5\" class=\"vfb-choice\">Ich habe Interesse an weiteren Daten.<\/label><\/span><div style=\"clear:both\"><\/div><\/div><\/li><li class=\"vfb-item vfb-item-checkbox  \" id=\"item-vfb-185\"><label class=\"vfb-desc\">Anreise \/ PW \/ Mitfahrgelegenheit  <span class=\"vfb-required-asterisk\">*<\/span><\/label><div><span><label>Es stehen nur 4 Parkpl\u00e4tze f\u00fcr angemeldete PW (Fahrgemeinschaften) zur Verf\u00fcgung. Wie reisen Sie an? W\u00e4hlen Sie das f\u00fcr Sie Zutreffende aus.<\/label><\/span><span class=\"vfb-span\"><input type=\"checkbox\" name=\"vfb-185[]\" id=\"vfb-185-0\" value=\"Ich suche Mitfahrgelegenheit.\" class=\"vfb-checkbox  required \" \/><label for=\"vfb-185-0\" class=\"vfb-choice\">Ich suche Mitfahrgelegenheit.<\/label><\/span><span class=\"vfb-span\"><input type=\"checkbox\" name=\"vfb-185[]\" id=\"vfb-185-1\" value=\"Ich biete Mitfahrgelegenheiten an.\" class=\"vfb-checkbox  required \" \/><label for=\"vfb-185-1\" class=\"vfb-choice\">Ich biete Mitfahrgelegenheiten an.<\/label><\/span><span class=\"vfb-span\"><input type=\"checkbox\" name=\"vfb-185[]\" id=\"vfb-185-2\" value=\"Ich reise per \u00d6v Haltestelle 4 Linden an.\" class=\"vfb-checkbox  required \" \/><label for=\"vfb-185-2\" class=\"vfb-choice\">Ich reise per \u00d6v Haltestelle 4 Linden an.<\/label><\/span><span class=\"vfb-span\"><input type=\"checkbox\" name=\"vfb-185[]\" id=\"vfb-185-3\" value=\"Ich reise per Pedes, Bike, etc. an.\" class=\"vfb-checkbox  required \" checked='checked' \/><label for=\"vfb-185-3\" class=\"vfb-choice\">Ich reise per Pedes, Bike, etc. an.<\/label><\/span><div style=\"clear:both\"><\/div><\/div><\/li><li class=\"vfb-item vfb-item-textarea  \" id=\"item-vfb-179\"><label for=\"vfb-179\" class=\"vfb-desc\">Bemerkungen \/ Mitteilung <\/label><div><textarea name=\"vfb-179\" id=\"vfb-179\" class=\"vfb-textarea  vfb-medium  \"><\/textarea><\/div><\/li><\/ul>&nbsp;<\/fieldset><fieldset class=\"vfb-fieldset vfb-fieldset-2 bestaetigung \" id=\"item-vfb-168\" style=\"display:block\"><div class=\"vfb-legend\"><h3>Best\u00e4tigung<\/h3><\/div><ul class=\"vfb-section vfb-section-2\"><li class=\"vfb-item vfb-item-secret\"  style=\"display:block\"><label for=\"vfb-169\" class=\"vfb-desc\">Bitte geben Sie eine beliebige 2 - stellige Zahl ein <span class=\"vfb-required-asterisk\">*<\/span><\/label><input type=\"hidden\" name=\"_vfb-secret\" value=\"vfb-169\" \/><span class=\"vfb-span\"><input type=\"text\" name=\"vfb-169\" id=\"vfb-169\" value=\"\" class=\"vfb-text  vfb-medium  required {digits:true,maxlength:2,minlength:2} \" style=\"display:block\" \/><label>Beispiel: 12<\/label><\/span><li style=\"display:none;\"><label>This box is for spam protection - &lt;strong&gt;please leave it blank&lt;\/strong&gt;:<\/label><div><input name=\"vfb-spam\" \/><\/div><\/li>\r\n\t\t\t<li class=\"vfb-item vfb-item-submit\" id=\"item-vfb-170\">\r\n\t\t\t\t<input type=\"submit\" name=\"vfb-submit\" id=\"vfb-170\" value=\"Absenden\" class=\"vfb-submit \" \/>\r\n\t\t\t\t<\/li><\/ul>\r\n\t\t\t<\/fieldset><input type=\"hidden\" name=\"_wp_http_referer\" value=\"\/index.php\/wp-json\/wp\/v2\/pages\/1042\" \/><\/form><\/div> <!-- .visual-form-builder-container -->\n","protected":false},"excerpt":{"rendered":"<p>Machen Sie sich selbst ein Bild von der Tiefbohrung &#8211; Besichtigung des Bohrplatzes auf dem B\u00f6zberg (Vier Linden). Am 16.+24.+30. September (ausgebucht); Donnerstag 1. Oktober (ausgebucht) 2020, und Mittwoch 7. Oktober 2020 (freie Pl\u00e4tze), Beginn 16.00 Uhr (- 18h) Fachleute&hellip; <\/p>\n","protected":false},"author":3,"featured_media":0,"parent":301,"menu_order":0,"comment_status":"closed","ping_status":"closed","template":"","meta":{"ngg_post_thumbnail":0,"footnotes":""},"class_list":["post-1042","page","type-page","status-publish","hentry"],"yoast_head":"<!-- This site is optimized with the Yoast SEO plugin v27.5 - https:\/\/yoast.com\/product\/yoast-seo-wordpress\/ -->\n<title>Anmeldung Bohrstellenbesichtigung nagra B\u00f6zberg - Gewerbeverein Oberes Fricktal<\/title>\n<meta name=\"description\" content=\"Machen Sie sich selbst ein Bild von der Tiefbohrung der Nagra - Besichtigung des Bohrplatzes auf dem B\u00f6zberg (Vier Linden).\" \/>\n<meta name=\"robots\" content=\"index, follow, max-snippet:-1, max-image-preview:large, max-video-preview:-1\" \/>\n<link rel=\"canonical\" href=\"https:\/\/gewerbeoberesfricktal.ch\/index.php\/kontakt\/anmeldung-bohrstellenbesichtigung-nagra-boezberg\/\" \/>\n<meta property=\"og:locale\" content=\"de_DE\" \/>\n<meta property=\"og:type\" content=\"article\" \/>\n<meta property=\"og:title\" content=\"Anmeldung Bohrstellenbesichtigung nagra B\u00f6zberg - Gewerbeverein Oberes Fricktal\" \/>\n<meta property=\"og:description\" content=\"Machen Sie sich selbst ein Bild von der Tiefbohrung der Nagra - Besichtigung des Bohrplatzes auf dem B\u00f6zberg (Vier Linden).\" \/>\n<meta property=\"og:url\" content=\"https:\/\/gewerbeoberesfricktal.ch\/index.php\/kontakt\/anmeldung-bohrstellenbesichtigung-nagra-boezberg\/\" \/>\n<meta property=\"og:site_name\" content=\"Gewerbeverein Oberes Fricktal\" \/>\n<meta property=\"article:publisher\" content=\"https:\/\/facebook.com\/gewerbe-oberes-fricktal\" \/>\n<meta property=\"article:modified_time\" content=\"2020-09-08T13:33:56+00:00\" \/>\n<meta name=\"twitter:card\" content=\"summary_large_image\" \/>\n<script type=\"application\/ld+json\" class=\"yoast-schema-graph\">{\"@context\":\"https:\\\/\\\/schema.org\",\"@graph\":[{\"@type\":\"WebPage\",\"@id\":\"https:\\\/\\\/gewerbeoberesfricktal.ch\\\/index.php\\\/kontakt\\\/anmeldung-bohrstellenbesichtigung-nagra-boezberg\\\/\",\"url\":\"https:\\\/\\\/gewerbeoberesfricktal.ch\\\/index.php\\\/kontakt\\\/anmeldung-bohrstellenbesichtigung-nagra-boezberg\\\/\",\"name\":\"Anmeldung Bohrstellenbesichtigung nagra B\u00f6zberg - Gewerbeverein Oberes Fricktal\",\"isPartOf\":{\"@id\":\"https:\\\/\\\/gewerbeoberesfricktal.ch\\\/#website\"},\"datePublished\":\"2020-06-25T15:52:05+00:00\",\"dateModified\":\"2020-09-08T13:33:56+00:00\",\"description\":\"Machen Sie sich selbst ein Bild von der Tiefbohrung der Nagra - Besichtigung des Bohrplatzes auf dem B\u00f6zberg (Vier Linden).\",\"breadcrumb\":{\"@id\":\"https:\\\/\\\/gewerbeoberesfricktal.ch\\\/index.php\\\/kontakt\\\/anmeldung-bohrstellenbesichtigung-nagra-boezberg\\\/#breadcrumb\"},\"inLanguage\":\"de-CH\",\"potentialAction\":[{\"@type\":\"ReadAction\",\"target\":[\"https:\\\/\\\/gewerbeoberesfricktal.ch\\\/index.php\\\/kontakt\\\/anmeldung-bohrstellenbesichtigung-nagra-boezberg\\\/\"]}]},{\"@type\":\"BreadcrumbList\",\"@id\":\"https:\\\/\\\/gewerbeoberesfricktal.ch\\\/index.php\\\/kontakt\\\/anmeldung-bohrstellenbesichtigung-nagra-boezberg\\\/#breadcrumb\",\"itemListElement\":[{\"@type\":\"ListItem\",\"position\":1,\"name\":\"Startseite\",\"item\":\"https:\\\/\\\/gewerbeoberesfricktal.ch\\\/\"},{\"@type\":\"ListItem\",\"position\":2,\"name\":\"Kontakt\",\"item\":\"https:\\\/\\\/gewerbeoberesfricktal.ch\\\/index.php\\\/kontakt\\\/\"},{\"@type\":\"ListItem\",\"position\":3,\"name\":\"Anmeldung Bohrstellenbesichtigung nagra B\u00f6zberg\"}]},{\"@type\":\"WebSite\",\"@id\":\"https:\\\/\\\/gewerbeoberesfricktal.ch\\\/#website\",\"url\":\"https:\\\/\\\/gewerbeoberesfricktal.ch\\\/\",\"name\":\"Gewerbeverein Oberes Fricktal\",\"description\":\"Ein starkes Gewerbe braucht die Region.\",\"publisher\":{\"@id\":\"https:\\\/\\\/gewerbeoberesfricktal.ch\\\/#organization\"},\"potentialAction\":[{\"@type\":\"SearchAction\",\"target\":{\"@type\":\"EntryPoint\",\"urlTemplate\":\"https:\\\/\\\/gewerbeoberesfricktal.ch\\\/?s={search_term_string}\"},\"query-input\":{\"@type\":\"PropertyValueSpecification\",\"valueRequired\":true,\"valueName\":\"search_term_string\"}}],\"inLanguage\":\"de-CH\"},{\"@type\":\"Organization\",\"@id\":\"https:\\\/\\\/gewerbeoberesfricktal.ch\\\/#organization\",\"name\":\"Gewerbeverein Oberes Fricktal\",\"url\":\"https:\\\/\\\/gewerbeoberesfricktal.ch\\\/\",\"logo\":{\"@type\":\"ImageObject\",\"inLanguage\":\"de-CH\",\"@id\":\"https:\\\/\\\/gewerbeoberesfricktal.ch\\\/#\\\/schema\\\/logo\\\/image\\\/\",\"url\":\"https:\\\/\\\/gewerbeoberesfricktal.ch\\\/wp-content\\\/uploads\\\/2018\\\/04\\\/GOF_Wortmarke-DEF_positiv-gruen-anthrazit_ausschnitt.jpg\",\"contentUrl\":\"https:\\\/\\\/gewerbeoberesfricktal.ch\\\/wp-content\\\/uploads\\\/2018\\\/04\\\/GOF_Wortmarke-DEF_positiv-gruen-anthrazit_ausschnitt.jpg\",\"width\":1214,\"height\":498,\"caption\":\"Gewerbeverein Oberes Fricktal\"},\"image\":{\"@id\":\"https:\\\/\\\/gewerbeoberesfricktal.ch\\\/#\\\/schema\\\/logo\\\/image\\\/\"},\"sameAs\":[\"https:\\\/\\\/facebook.com\\\/gewerbe-oberes-fricktal\"]}]}<\/script>\n<!-- \/ Yoast SEO plugin. -->","yoast_head_json":{"title":"Anmeldung Bohrstellenbesichtigung nagra B\u00f6zberg - Gewerbeverein Oberes Fricktal","description":"Machen Sie sich selbst ein Bild von der Tiefbohrung der Nagra - Besichtigung des Bohrplatzes auf dem B\u00f6zberg (Vier Linden).","robots":{"index":"index","follow":"follow","max-snippet":"max-snippet:-1","max-image-preview":"max-image-preview:large","max-video-preview":"max-video-preview:-1"},"canonical":"https:\/\/gewerbeoberesfricktal.ch\/index.php\/kontakt\/anmeldung-bohrstellenbesichtigung-nagra-boezberg\/","og_locale":"de_DE","og_type":"article","og_title":"Anmeldung Bohrstellenbesichtigung nagra B\u00f6zberg - Gewerbeverein Oberes Fricktal","og_description":"Machen Sie sich selbst ein Bild von der Tiefbohrung der Nagra - Besichtigung des Bohrplatzes auf dem B\u00f6zberg (Vier Linden).","og_url":"https:\/\/gewerbeoberesfricktal.ch\/index.php\/kontakt\/anmeldung-bohrstellenbesichtigung-nagra-boezberg\/","og_site_name":"Gewerbeverein Oberes Fricktal","article_publisher":"https:\/\/facebook.com\/gewerbe-oberes-fricktal","article_modified_time":"2020-09-08T13:33:56+00:00","twitter_card":"summary_large_image","schema":{"@context":"https:\/\/schema.org","@graph":[{"@type":"WebPage","@id":"https:\/\/gewerbeoberesfricktal.ch\/index.php\/kontakt\/anmeldung-bohrstellenbesichtigung-nagra-boezberg\/","url":"https:\/\/gewerbeoberesfricktal.ch\/index.php\/kontakt\/anmeldung-bohrstellenbesichtigung-nagra-boezberg\/","name":"Anmeldung Bohrstellenbesichtigung nagra B\u00f6zberg - Gewerbeverein Oberes Fricktal","isPartOf":{"@id":"https:\/\/gewerbeoberesfricktal.ch\/#website"},"datePublished":"2020-06-25T15:52:05+00:00","dateModified":"2020-09-08T13:33:56+00:00","description":"Machen Sie sich selbst ein Bild von der Tiefbohrung der Nagra - Besichtigung des Bohrplatzes auf dem B\u00f6zberg (Vier Linden).","breadcrumb":{"@id":"https:\/\/gewerbeoberesfricktal.ch\/index.php\/kontakt\/anmeldung-bohrstellenbesichtigung-nagra-boezberg\/#breadcrumb"},"inLanguage":"de-CH","potentialAction":[{"@type":"ReadAction","target":["https:\/\/gewerbeoberesfricktal.ch\/index.php\/kontakt\/anmeldung-bohrstellenbesichtigung-nagra-boezberg\/"]}]},{"@type":"BreadcrumbList","@id":"https:\/\/gewerbeoberesfricktal.ch\/index.php\/kontakt\/anmeldung-bohrstellenbesichtigung-nagra-boezberg\/#breadcrumb","itemListElement":[{"@type":"ListItem","position":1,"name":"Startseite","item":"https:\/\/gewerbeoberesfricktal.ch\/"},{"@type":"ListItem","position":2,"name":"Kontakt","item":"https:\/\/gewerbeoberesfricktal.ch\/index.php\/kontakt\/"},{"@type":"ListItem","position":3,"name":"Anmeldung Bohrstellenbesichtigung nagra B\u00f6zberg"}]},{"@type":"WebSite","@id":"https:\/\/gewerbeoberesfricktal.ch\/#website","url":"https:\/\/gewerbeoberesfricktal.ch\/","name":"Gewerbeverein Oberes Fricktal","description":"Ein starkes Gewerbe braucht die Region.","publisher":{"@id":"https:\/\/gewerbeoberesfricktal.ch\/#organization"},"potentialAction":[{"@type":"SearchAction","target":{"@type":"EntryPoint","urlTemplate":"https:\/\/gewerbeoberesfricktal.ch\/?s={search_term_string}"},"query-input":{"@type":"PropertyValueSpecification","valueRequired":true,"valueName":"search_term_string"}}],"inLanguage":"de-CH"},{"@type":"Organization","@id":"https:\/\/gewerbeoberesfricktal.ch\/#organization","name":"Gewerbeverein Oberes Fricktal","url":"https:\/\/gewerbeoberesfricktal.ch\/","logo":{"@type":"ImageObject","inLanguage":"de-CH","@id":"https:\/\/gewerbeoberesfricktal.ch\/#\/schema\/logo\/image\/","url":"https:\/\/gewerbeoberesfricktal.ch\/wp-content\/uploads\/2018\/04\/GOF_Wortmarke-DEF_positiv-gruen-anthrazit_ausschnitt.jpg","contentUrl":"https:\/\/gewerbeoberesfricktal.ch\/wp-content\/uploads\/2018\/04\/GOF_Wortmarke-DEF_positiv-gruen-anthrazit_ausschnitt.jpg","width":1214,"height":498,"caption":"Gewerbeverein Oberes Fricktal"},"image":{"@id":"https:\/\/gewerbeoberesfricktal.ch\/#\/schema\/logo\/image\/"},"sameAs":["https:\/\/facebook.com\/gewerbe-oberes-fricktal"]}]}},"_links":{"self":[{"href":"https:\/\/gewerbeoberesfricktal.ch\/index.php\/wp-json\/wp\/v2\/pages\/1042","targetHints":{"allow":["GET"]}}],"collection":[{"href":"https:\/\/gewerbeoberesfricktal.ch\/index.php\/wp-json\/wp\/v2\/pages"}],"about":[{"href":"https:\/\/gewerbeoberesfricktal.ch\/index.php\/wp-json\/wp\/v2\/types\/page"}],"author":[{"embeddable":true,"href":"https:\/\/gewerbeoberesfricktal.ch\/index.php\/wp-json\/wp\/v2\/users\/3"}],"replies":[{"embeddable":true,"href":"https:\/\/gewerbeoberesfricktal.ch\/index.php\/wp-json\/wp\/v2\/comments?post=1042"}],"version-history":[{"count":10,"href":"https:\/\/gewerbeoberesfricktal.ch\/index.php\/wp-json\/wp\/v2\/pages\/1042\/revisions"}],"predecessor-version":[{"id":1086,"href":"https:\/\/gewerbeoberesfricktal.ch\/index.php\/wp-json\/wp\/v2\/pages\/1042\/revisions\/1086"}],"up":[{"embeddable":true,"href":"https:\/\/gewerbeoberesfricktal.ch\/index.php\/wp-json\/wp\/v2\/pages\/301"}],"wp:attachment":[{"href":"https:\/\/gewerbeoberesfricktal.ch\/index.php\/wp-json\/wp\/v2\/media?parent=1042"}],"curies":[{"name":"wp","href":"https:\/\/api.w.org\/{rel}","templated":true}]}}