{"id":1478,"date":"2022-08-26T10:31:16","date_gmt":"2022-08-26T08:31:16","guid":{"rendered":"https:\/\/gewerbeoberesfricktal.ch\/?post_type=ufaq&#038;p=1478"},"modified":"2022-08-26T10:39:50","modified_gmt":"2022-08-26T08:39:50","slug":"hafte-ich-als-mitglied-fuer-den-verein","status":"publish","type":"ufaq","link":"https:\/\/gewerbeoberesfricktal.ch\/index.php\/ufaqs\/hafte-ich-als-mitglied-fuer-den-verein\/","title":{"rendered":"Hafte ich als Mitglied f\u00fcr den Verein?"},"content":{"rendered":"<div  class=\"ewd-ufaq-faq-list ewd-ufaq-page-type-load_more ewd-ufaq-category-tabs-\" id='ewd-ufaq-faq-list'>\n\n\t<input type='hidden' name='show_on_load' value='' id='ewd-ufaq-show-on-load' \/>\n<input type='hidden' name='include_category' value='' id='ewd-ufaq-include-category' \/>\n<input type='hidden' name='exclude_category' value='' id='ewd-ufaq-exclude-category' \/>\n<input type='hidden' name='orderby' value='date' id='ewd-ufaq-orderby' \/>\n<input type='hidden' name='order' value='desc' id='ewd-ufaq-order' \/>\n<input type='hidden' name='post_count' value='-1' id='ewd-ufaq-post-count' \/>\n<input type='hidden' name='current_url' value='\/index.php\/wp-json\/wp\/v2\/ufaq\/1478' id='ewd-ufaq-current-url' \/>\n\t\n\t\n\t<div class='ewd-ufaq-faqs'>\n\n\t\t<div  class=\"ewd-ufaq-faq-div ewd-ufaq-faq-column-count-one ewd-ufaq-faq-responsive-columns- ewd-ufaq-faq-display-style-default ewd-ufaq-can-be-toggled\" id='ewd-ufaq-post-1478-BIEIL458ba' data-post_id='1478'>\n\n\t\t\n\t<div class='ewd-ufaq-faq-title ewd-ufaq-faq-toggle'>\n\t\n\t<a class='ewd-ufaq-post-margin'  href='#' role=\"button\">\n\n\t\t<div class='ewd-ufaq-post-margin-symbol ewd-ufaq-square'>\n\t\t\t<span >A<\/span>\n\t\t<\/div>\n\n\t\t<div class='ewd-ufaq-faq-title-text'>\n\n\t\t\t<h4>\n\t\t\t\tHafte ich als Mitglied f\u00fcr den Verein?\t\t\t<\/h4>\n\n\t\t<\/div>\n\n\t\t<div class='ewd-ufaq-clear'><\/div>\n\n\t<\/a>\n\t\n<\/div>\n\t\n\t<div class='ewd-ufaq-faq-body' >\n\n\t\t\n\t\t\t<div class='ewd-ufaq-author-date'>\n\n\tPosted\n\tby\n<span class='ewd-ufaq-author'>\n\tVorstand<\/span>\n\ton\n<span class='ewd-ufaq-date'>\n\t26. August 2022<\/span>\n<\/div>\n\t\t\n\t\t\t<div class='ewd-ufaq-post-margin ewd-ufaq-faq-post'>\n\t\n<p>Nein, ausser dem Jahresmitgliederbeitrag. Der Verein haftet mit seinem Verm\u00f6gen. Wir t\u00e4tigen keine Risikogesch\u00e4fte.<\/p>\n<\/div>\n\t\t\n\t\t\t<div class='ewd-ufaq-faq-custom-fields'>\n\n\t\n<\/div>\n\t\t\n\t\t\t<div class='ewd-ufaq-faq-categories'>\n\t\n\tCategory:\n\t\n\t\tMitgliedschaft, Engagement\n\t\n<\/div>\n\t\t\n\t\t\t\n\t\t\n\t\t\t\n\t\t\n\t\t\t\n\t\t\n\t\t\t<div class='ewd-ufaq-permalink'>\n\t\n\t<a href='https:\/\/gewerbeoberesfricktal.ch\/index.php\/ufaqs\/hafte-ich-als-mitglied-fuer-den-verein\/?Display_FAQ=1478'>\n\t\t\n\t\tPermalink\t\t <div class='ewd-ufaq-permalink-image'><\/div> \t\n\t<\/a>\n\n<\/div>\n\t\t\n\t\t\t\n\t\t\n\t\t\t\n\t\t\n\t<\/div>\n\n<\/div>\n\t<\/div>\n\n\t\n<\/div>","protected":false},"excerpt":{"rendered":"<p>A Hafte ich als Mitglied f\u00fcr den Verein? Posted by Vorstand on 26. August 2022 Nein, ausser dem Jahresmitgliederbeitrag. Der Verein haftet mit seinem Verm\u00f6gen. Wir t\u00e4tigen keine Risikogesch\u00e4fte. Category: Mitgliedschaft, Engagement Permalink<\/p>\n","protected":false},"author":4,"featured_media":0,"comment_status":"closed","ping_status":"closed","template":"","meta":{"ngg_post_thumbnail":0},"ufaq-category":[50],"ufaq-tag":[],"class_list":["post-1478","ufaq","type-ufaq","status-publish","hentry","ufaq-category-mitgliedschaft-engagement"],"yoast_head":"<!-- This site is optimized with the Yoast SEO plugin v27.5 - https:\/\/yoast.com\/product\/yoast-seo-wordpress\/ -->\n<title>Hafte ich als Mitglied f\u00fcr den Verein? - Gewerbeverein Oberes Fricktal<\/title>\n<meta name=\"robots\" content=\"index, follow, max-snippet:-1, max-image-preview:large, max-video-preview:-1\" \/>\n<link rel=\"canonical\" href=\"https:\/\/gewerbeoberesfricktal.ch\/index.php\/ufaqs\/hafte-ich-als-mitglied-fuer-den-verein\/\" \/>\n<meta property=\"og:locale\" content=\"de_DE\" \/>\n<meta property=\"og:type\" content=\"article\" \/>\n<meta property=\"og:title\" content=\"Hafte ich als Mitglied f\u00fcr den Verein? - Gewerbeverein Oberes Fricktal\" \/>\n<meta property=\"og:description\" content=\"A Hafte ich als Mitglied f\u00fcr den Verein? Posted by Vorstand on 26. August 2022 Nein, ausser dem Jahresmitgliederbeitrag. Der Verein haftet mit seinem Verm\u00f6gen. Wir t\u00e4tigen keine Risikogesch\u00e4fte. Category: Mitgliedschaft, Engagement Permalink\" \/>\n<meta property=\"og:url\" content=\"https:\/\/gewerbeoberesfricktal.ch\/index.php\/ufaqs\/hafte-ich-als-mitglied-fuer-den-verein\/\" \/>\n<meta property=\"og:site_name\" content=\"Gewerbeverein Oberes Fricktal\" \/>\n<meta property=\"article:publisher\" content=\"https:\/\/facebook.com\/gewerbe-oberes-fricktal\" \/>\n<meta property=\"article:modified_time\" content=\"2022-08-26T08:39:50+00:00\" \/>\n<meta name=\"twitter:card\" content=\"summary_large_image\" \/>\n<meta name=\"twitter:label1\" content=\"Gesch\u00e4tzte Lesezeit\" \/>\n\t<meta name=\"twitter:data1\" content=\"1\u00a0Minute\" \/>\n<script type=\"application\/ld+json\" class=\"yoast-schema-graph\">{\"@context\":\"https:\\\/\\\/schema.org\",\"@graph\":[{\"@type\":\"WebPage\",\"@id\":\"https:\\\/\\\/gewerbeoberesfricktal.ch\\\/index.php\\\/ufaqs\\\/hafte-ich-als-mitglied-fuer-den-verein\\\/\",\"url\":\"https:\\\/\\\/gewerbeoberesfricktal.ch\\\/index.php\\\/ufaqs\\\/hafte-ich-als-mitglied-fuer-den-verein\\\/\",\"name\":\"Hafte ich als Mitglied f\u00fcr den Verein? - Gewerbeverein Oberes Fricktal\",\"isPartOf\":{\"@id\":\"https:\\\/\\\/gewerbeoberesfricktal.ch\\\/#website\"},\"datePublished\":\"2022-08-26T08:31:16+00:00\",\"dateModified\":\"2022-08-26T08:39:50+00:00\",\"breadcrumb\":{\"@id\":\"https:\\\/\\\/gewerbeoberesfricktal.ch\\\/index.php\\\/ufaqs\\\/hafte-ich-als-mitglied-fuer-den-verein\\\/#breadcrumb\"},\"inLanguage\":\"de-CH\",\"potentialAction\":[{\"@type\":\"ReadAction\",\"target\":[\"https:\\\/\\\/gewerbeoberesfricktal.ch\\\/index.php\\\/ufaqs\\\/hafte-ich-als-mitglied-fuer-den-verein\\\/\"]}]},{\"@type\":\"BreadcrumbList\",\"@id\":\"https:\\\/\\\/gewerbeoberesfricktal.ch\\\/index.php\\\/ufaqs\\\/hafte-ich-als-mitglied-fuer-den-verein\\\/#breadcrumb\",\"itemListElement\":[{\"@type\":\"ListItem\",\"position\":1,\"name\":\"Startseite\",\"item\":\"https:\\\/\\\/gewerbeoberesfricktal.ch\\\/\"},{\"@type\":\"ListItem\",\"position\":2,\"name\":\"FAQs\",\"item\":\"https:\\\/\\\/gewerbeoberesfricktal.ch\\\/index.php\\\/ufaqs\\\/\"},{\"@type\":\"ListItem\",\"position\":3,\"name\":\"Hafte ich als Mitglied f\u00fcr den Verein?\"}]},{\"@type\":\"WebSite\",\"@id\":\"https:\\\/\\\/gewerbeoberesfricktal.ch\\\/#website\",\"url\":\"https:\\\/\\\/gewerbeoberesfricktal.ch\\\/\",\"name\":\"Gewerbeverein Oberes Fricktal\",\"description\":\"Ein starkes Gewerbe braucht die Region.\",\"publisher\":{\"@id\":\"https:\\\/\\\/gewerbeoberesfricktal.ch\\\/#organization\"},\"potentialAction\":[{\"@type\":\"SearchAction\",\"target\":{\"@type\":\"EntryPoint\",\"urlTemplate\":\"https:\\\/\\\/gewerbeoberesfricktal.ch\\\/?s={search_term_string}\"},\"query-input\":{\"@type\":\"PropertyValueSpecification\",\"valueRequired\":true,\"valueName\":\"search_term_string\"}}],\"inLanguage\":\"de-CH\"},{\"@type\":\"Organization\",\"@id\":\"https:\\\/\\\/gewerbeoberesfricktal.ch\\\/#organization\",\"name\":\"Gewerbeverein Oberes Fricktal\",\"url\":\"https:\\\/\\\/gewerbeoberesfricktal.ch\\\/\",\"logo\":{\"@type\":\"ImageObject\",\"inLanguage\":\"de-CH\",\"@id\":\"https:\\\/\\\/gewerbeoberesfricktal.ch\\\/#\\\/schema\\\/logo\\\/image\\\/\",\"url\":\"https:\\\/\\\/gewerbeoberesfricktal.ch\\\/wp-content\\\/uploads\\\/2018\\\/04\\\/GOF_Wortmarke-DEF_positiv-gruen-anthrazit_ausschnitt.jpg\",\"contentUrl\":\"https:\\\/\\\/gewerbeoberesfricktal.ch\\\/wp-content\\\/uploads\\\/2018\\\/04\\\/GOF_Wortmarke-DEF_positiv-gruen-anthrazit_ausschnitt.jpg\",\"width\":1214,\"height\":498,\"caption\":\"Gewerbeverein Oberes Fricktal\"},\"image\":{\"@id\":\"https:\\\/\\\/gewerbeoberesfricktal.ch\\\/#\\\/schema\\\/logo\\\/image\\\/\"},\"sameAs\":[\"https:\\\/\\\/facebook.com\\\/gewerbe-oberes-fricktal\"]}]}<\/script>\n<!-- \/ Yoast SEO plugin. -->","yoast_head_json":{"title":"Hafte ich als Mitglied f\u00fcr den Verein? - Gewerbeverein Oberes Fricktal","robots":{"index":"index","follow":"follow","max-snippet":"max-snippet:-1","max-image-preview":"max-image-preview:large","max-video-preview":"max-video-preview:-1"},"canonical":"https:\/\/gewerbeoberesfricktal.ch\/index.php\/ufaqs\/hafte-ich-als-mitglied-fuer-den-verein\/","og_locale":"de_DE","og_type":"article","og_title":"Hafte ich als Mitglied f\u00fcr den Verein? - Gewerbeverein Oberes Fricktal","og_description":"A Hafte ich als Mitglied f\u00fcr den Verein? Posted by Vorstand on 26. August 2022 Nein, ausser dem Jahresmitgliederbeitrag. Der Verein haftet mit seinem Verm\u00f6gen. Wir t\u00e4tigen keine Risikogesch\u00e4fte. Category: Mitgliedschaft, Engagement Permalink","og_url":"https:\/\/gewerbeoberesfricktal.ch\/index.php\/ufaqs\/hafte-ich-als-mitglied-fuer-den-verein\/","og_site_name":"Gewerbeverein Oberes Fricktal","article_publisher":"https:\/\/facebook.com\/gewerbe-oberes-fricktal","article_modified_time":"2022-08-26T08:39:50+00:00","twitter_card":"summary_large_image","twitter_misc":{"Gesch\u00e4tzte Lesezeit":"1\u00a0Minute"},"schema":{"@context":"https:\/\/schema.org","@graph":[{"@type":"WebPage","@id":"https:\/\/gewerbeoberesfricktal.ch\/index.php\/ufaqs\/hafte-ich-als-mitglied-fuer-den-verein\/","url":"https:\/\/gewerbeoberesfricktal.ch\/index.php\/ufaqs\/hafte-ich-als-mitglied-fuer-den-verein\/","name":"Hafte ich als Mitglied f\u00fcr den Verein? - Gewerbeverein Oberes Fricktal","isPartOf":{"@id":"https:\/\/gewerbeoberesfricktal.ch\/#website"},"datePublished":"2022-08-26T08:31:16+00:00","dateModified":"2022-08-26T08:39:50+00:00","breadcrumb":{"@id":"https:\/\/gewerbeoberesfricktal.ch\/index.php\/ufaqs\/hafte-ich-als-mitglied-fuer-den-verein\/#breadcrumb"},"inLanguage":"de-CH","potentialAction":[{"@type":"ReadAction","target":["https:\/\/gewerbeoberesfricktal.ch\/index.php\/ufaqs\/hafte-ich-als-mitglied-fuer-den-verein\/"]}]},{"@type":"BreadcrumbList","@id":"https:\/\/gewerbeoberesfricktal.ch\/index.php\/ufaqs\/hafte-ich-als-mitglied-fuer-den-verein\/#breadcrumb","itemListElement":[{"@type":"ListItem","position":1,"name":"Startseite","item":"https:\/\/gewerbeoberesfricktal.ch\/"},{"@type":"ListItem","position":2,"name":"FAQs","item":"https:\/\/gewerbeoberesfricktal.ch\/index.php\/ufaqs\/"},{"@type":"ListItem","position":3,"name":"Hafte ich als Mitglied f\u00fcr den Verein?"}]},{"@type":"WebSite","@id":"https:\/\/gewerbeoberesfricktal.ch\/#website","url":"https:\/\/gewerbeoberesfricktal.ch\/","name":"Gewerbeverein Oberes Fricktal","description":"Ein starkes Gewerbe braucht die Region.","publisher":{"@id":"https:\/\/gewerbeoberesfricktal.ch\/#organization"},"potentialAction":[{"@type":"SearchAction","target":{"@type":"EntryPoint","urlTemplate":"https:\/\/gewerbeoberesfricktal.ch\/?s={search_term_string}"},"query-input":{"@type":"PropertyValueSpecification","valueRequired":true,"valueName":"search_term_string"}}],"inLanguage":"de-CH"},{"@type":"Organization","@id":"https:\/\/gewerbeoberesfricktal.ch\/#organization","name":"Gewerbeverein Oberes Fricktal","url":"https:\/\/gewerbeoberesfricktal.ch\/","logo":{"@type":"ImageObject","inLanguage":"de-CH","@id":"https:\/\/gewerbeoberesfricktal.ch\/#\/schema\/logo\/image\/","url":"https:\/\/gewerbeoberesfricktal.ch\/wp-content\/uploads\/2018\/04\/GOF_Wortmarke-DEF_positiv-gruen-anthrazit_ausschnitt.jpg","contentUrl":"https:\/\/gewerbeoberesfricktal.ch\/wp-content\/uploads\/2018\/04\/GOF_Wortmarke-DEF_positiv-gruen-anthrazit_ausschnitt.jpg","width":1214,"height":498,"caption":"Gewerbeverein Oberes Fricktal"},"image":{"@id":"https:\/\/gewerbeoberesfricktal.ch\/#\/schema\/logo\/image\/"},"sameAs":["https:\/\/facebook.com\/gewerbe-oberes-fricktal"]}]}},"_links":{"self":[{"href":"https:\/\/gewerbeoberesfricktal.ch\/index.php\/wp-json\/wp\/v2\/ufaq\/1478","targetHints":{"allow":["GET"]}}],"collection":[{"href":"https:\/\/gewerbeoberesfricktal.ch\/index.php\/wp-json\/wp\/v2\/ufaq"}],"about":[{"href":"https:\/\/gewerbeoberesfricktal.ch\/index.php\/wp-json\/wp\/v2\/types\/ufaq"}],"author":[{"embeddable":true,"href":"https:\/\/gewerbeoberesfricktal.ch\/index.php\/wp-json\/wp\/v2\/users\/4"}],"replies":[{"embeddable":true,"href":"https:\/\/gewerbeoberesfricktal.ch\/index.php\/wp-json\/wp\/v2\/comments?post=1478"}],"wp:attachment":[{"href":"https:\/\/gewerbeoberesfricktal.ch\/index.php\/wp-json\/wp\/v2\/media?parent=1478"}],"wp:term":[{"taxonomy":"ufaq-category","embeddable":true,"href":"https:\/\/gewerbeoberesfricktal.ch\/index.php\/wp-json\/wp\/v2\/ufaq-category?post=1478"},{"taxonomy":"ufaq-tag","embeddable":true,"href":"https:\/\/gewerbeoberesfricktal.ch\/index.php\/wp-json\/wp\/v2\/ufaq-tag?post=1478"}],"curies":[{"name":"wp","href":"https:\/\/api.w.org\/{rel}","templated":true}]}}

Hafte ich als Mitglied für den Verein?

<div  class="ewd-ufaq-faq-list ewd-ufaq-page-type-load_more ewd-ufaq-category-tabs-" id='ewd-ufaq-faq-list'>

	<input type='hidden' name='show_on_load' value='' id='ewd-ufaq-show-on-load' />
<input type='hidden' name='include_category' value='' id='ewd-ufaq-include-category' />
<input type='hidden' name='exclude_category' value='' id='ewd-ufaq-exclude-category' />
<input type='hidden' name='orderby' value='date' id='ewd-ufaq-orderby' />
<input type='hidden' name='order' value='desc' id='ewd-ufaq-order' />
<input type='hidden' name='post_count' value='-1' id='ewd-ufaq-post-count' />
<input type='hidden' name='current_url' value='/index.php/wp-json/wp/v2/ufaq/1478' id='ewd-ufaq-current-url' />
	
	
	<div class='ewd-ufaq-faqs'>

		<div  class="ewd-ufaq-faq-div ewd-ufaq-faq-column-count-one ewd-ufaq-faq-responsive-columns- ewd-ufaq-faq-display-style-default ewd-ufaq-can-be-toggled" id='ewd-ufaq-post-1478-BIEIL458ba' data-post_id='1478'>

		
	<div class='ewd-ufaq-faq-title ewd-ufaq-faq-toggle'>
	
	<a class='ewd-ufaq-post-margin'  href='#' role="button">

		<div class='ewd-ufaq-post-margin-symbol ewd-ufaq-square'>
			<span >A</span>
		</div>

		<div class='ewd-ufaq-faq-title-text'>

			<h4>
				Hafte ich als Mitglied für den Verein?			</h4>

		</div>

		<div class='ewd-ufaq-clear'></div>

	</a>
	
</div>
	
	<div class='ewd-ufaq-faq-body' >

		
			<div class='ewd-ufaq-author-date'>

	Posted
	by
<span class='ewd-ufaq-author'>
	Vorstand</span>
	on
<span class='ewd-ufaq-date'>
	26. August 2022</span>
</div>
		
			<div class='ewd-ufaq-post-margin ewd-ufaq-faq-post'>
	
<p>Nein, ausser dem Jahresmitgliederbeitrag. Der Verein haftet mit seinem Vermögen. Wir tätigen keine Risikogeschäfte.</p>
</div>
		
			<div class='ewd-ufaq-faq-custom-fields'>

	
</div>
		
			<div class='ewd-ufaq-faq-categories'>
	
	Category:
	
		Mitgliedschaft, Engagement
	
</div>
		
			
		
			
		
			
		
			<div class='ewd-ufaq-permalink'>
	
	<a href='https://gewerbeoberesfricktal.ch/index.php/ufaqs/hafte-ich-als-mitglied-fuer-den-verein/?Display_FAQ=1478'>
		
		Permalink		 <div class='ewd-ufaq-permalink-image'></div> 	
	</a>

</div>
		
			
		
			
		
	</div>

</div>
	</div>

	
</div>

<p>A Hafte ich als Mitglied für den Verein? Posted by Vorstand on 26. August 2022 Nein, ausser dem Jahresmitgliederbeitrag. Der Verein haftet mit seinem Vermögen. Wir tätigen keine Risikogeschäfte. Category: Mitgliedschaft, Engagement Permalink</p>

<!-- This site is optimized with the Yoast SEO plugin v27.5 - https://yoast.com/product/yoast-seo-wordpress/ -->
<title>Hafte ich als Mitglied für den Verein? - Gewerbeverein Oberes Fricktal</title>
<meta name="robots" content="index, follow, max-snippet:-1, max-image-preview:large, max-video-preview:-1" />
<link rel="canonical" href="https://gewerbeoberesfricktal.ch/index.php/ufaqs/hafte-ich-als-mitglied-fuer-den-verein/" />
<meta property="og:locale" content="de_DE" />
<meta property="og:type" content="article" />
<meta property="og:title" content="Hafte ich als Mitglied für den Verein? - Gewerbeverein Oberes Fricktal" />
<meta property="og:description" content="A Hafte ich als Mitglied für den Verein? Posted by Vorstand on 26. August 2022 Nein, ausser dem Jahresmitgliederbeitrag. Der Verein haftet mit seinem Vermögen. Wir tätigen keine Risikogeschäfte. Category: Mitgliedschaft, Engagement Permalink" />
<meta property="og:url" content="https://gewerbeoberesfricktal.ch/index.php/ufaqs/hafte-ich-als-mitglied-fuer-den-verein/" />
<meta property="og:site_name" content="Gewerbeverein Oberes Fricktal" />
<meta property="article:publisher" content="https://facebook.com/gewerbe-oberes-fricktal" />
<meta property="article:modified_time" content="2022-08-26T08:39:50+00:00" />
<meta name="twitter:card" content="summary_large_image" />
<meta name="twitter:label1" content="Geschätzte Lesezeit" />
	<meta name="twitter:data1" content="1 Minute" />
<script type="application/ld+json" class="yoast-schema-graph">{"@context":"https:\/\/schema.org","@graph":[{"@type":"WebPage","@id":"https:\/\/gewerbeoberesfricktal.ch\/index.php\/ufaqs\/hafte-ich-als-mitglied-fuer-den-verein\/","url":"https:\/\/gewerbeoberesfricktal.ch\/index.php\/ufaqs\/hafte-ich-als-mitglied-fuer-den-verein\/","name":"Hafte ich als Mitglied für den Verein? - Gewerbeverein Oberes Fricktal","isPartOf":{"@id":"https:\/\/gewerbeoberesfricktal.ch\/#website"},"datePublished":"2022-08-26T08:31:16+00:00","dateModified":"2022-08-26T08:39:50+00:00","breadcrumb":{"@id":"https:\/\/gewerbeoberesfricktal.ch\/index.php\/ufaqs\/hafte-ich-als-mitglied-fuer-den-verein\/#breadcrumb"},"inLanguage":"de-CH","potentialAction":[{"@type":"ReadAction","target":["https:\/\/gewerbeoberesfricktal.ch\/index.php\/ufaqs\/hafte-ich-als-mitglied-fuer-den-verein\/"]}]},{"@type":"BreadcrumbList","@id":"https:\/\/gewerbeoberesfricktal.ch\/index.php\/ufaqs\/hafte-ich-als-mitglied-fuer-den-verein\/#breadcrumb","itemListElement":[{"@type":"ListItem","position":1,"name":"Startseite","item":"https:\/\/gewerbeoberesfricktal.ch\/"},{"@type":"ListItem","position":2,"name":"FAQs","item":"https:\/\/gewerbeoberesfricktal.ch\/index.php\/ufaqs\/"},{"@type":"ListItem","position":3,"name":"Hafte ich als Mitglied für den Verein?"}]},{"@type":"WebSite","@id":"https:\/\/gewerbeoberesfricktal.ch\/#website","url":"https:\/\/gewerbeoberesfricktal.ch\/","name":"Gewerbeverein Oberes Fricktal","description":"Ein starkes Gewerbe braucht die Region.","publisher":{"@id":"https:\/\/gewerbeoberesfricktal.ch\/#organization"},"potentialAction":[{"@type":"SearchAction","target":{"@type":"EntryPoint","urlTemplate":"https:\/\/gewerbeoberesfricktal.ch\/?s={search_term_string}"},"query-input":{"@type":"PropertyValueSpecification","valueRequired":true,"valueName":"search_term_string"}}],"inLanguage":"de-CH"},{"@type":"Organization","@id":"https:\/\/gewerbeoberesfricktal.ch\/#organization","name":"Gewerbeverein Oberes Fricktal","url":"https:\/\/gewerbeoberesfricktal.ch\/","logo":{"@type":"ImageObject","inLanguage":"de-CH","@id":"https:\/\/gewerbeoberesfricktal.ch\/#\/schema\/logo\/image\/","url":"https:\/\/gewerbeoberesfricktal.ch\/wp-content\/uploads\/2018\/04\/GOF_Wortmarke-DEF_positiv-gruen-anthrazit_ausschnitt.jpg","contentUrl":"https:\/\/gewerbeoberesfricktal.ch\/wp-content\/uploads\/2018\/04\/GOF_Wortmarke-DEF_positiv-gruen-anthrazit_ausschnitt.jpg","width":1214,"height":498,"caption":"Gewerbeverein Oberes Fricktal"},"image":{"@id":"https:\/\/gewerbeoberesfricktal.ch\/#\/schema\/logo\/image\/"},"sameAs":["https:\/\/facebook.com\/gewerbe-oberes-fricktal"]}]}</script>
<!-- / Yoast SEO plugin. -->

Hafte ich als Mitglied für den Verein? - Gewerbeverein Oberes Fricktal

A Hafte ich als Mitglied für den Verein? Posted by Vorstand on 26. August 2022 Nein, ausser dem Jahresmitgliederbeitrag. Der Verein haftet mit seinem Vermögen. Wir tätigen keine Risikogeschäfte. Category: Mitgliedschaft, Engagement Permalink
